{"id":10858,"date":"2026-03-15T18:53:37","date_gmt":"2026-03-15T18:53:37","guid":{"rendered":"https:\/\/bojler.mtecprojects.ch\/?post_type=product&#038;p=10858"},"modified":"2026-03-15T18:54:40","modified_gmt":"2026-03-15T18:54:40","slug":"metalac-aurora-mb-80-e2i-sg","status":"publish","type":"product","link":"https:\/\/bojler.mtecprojects.ch\/?product=metalac-aurora-mb-80-e2i-sg","title":{"rendered":"Metalac Aurora MB 80 E2i SG"},"content":{"rendered":"<h2>Dodatne informacije<\/h2>\n<table class=\"woocommerce-product-attributes shop_attributes\" aria-label=\"\u0414\u0435\u0442\u0430\u0459\u0438 \u043e \u043f\u0440\u043e\u0438\u0437\u0432\u043e\u0434\u0443\">\n<tbody>\n<tr class=\"woocommerce-product-attributes-item woocommerce-product-attributes-item--weight\">\n<th class=\"woocommerce-product-attributes-item__label\" scope=\"row\">Te\u017eina<\/th>\n<td class=\"woocommerce-product-attributes-item__value\">21 kg<\/td>\n<\/tr>\n<tr class=\"woocommerce-product-attributes-item woocommerce-product-attributes-item--dimensions\">\n<th class=\"woocommerce-product-attributes-item__label\" scope=\"row\">Dimenzije (Dubina\u00d7\u0160irina\u00d7Visina)<\/th>\n<td class=\"woocommerce-product-attributes-item__value\">45,4 \u00d7 45,4 \u00d7 82,5 cm<\/td>\n<\/tr>\n<tr class=\"woocommerce-product-attributes-item woocommerce-product-attributes-item--attribute_pa_proizvodjac\">\n<th class=\"woocommerce-product-attributes-item__label\" scope=\"row\">Proizvo\u0111a\u010d<\/th>\n<td class=\"woocommerce-product-attributes-item__value\">Metalac<\/td>\n<\/tr>\n<tr class=\"woocommerce-product-attributes-item woocommerce-product-attributes-item--attribute_pa_zapremina\">\n<th class=\"woocommerce-product-attributes-item__label\" scope=\"row\">Zapremina<\/th>\n<td class=\"woocommerce-product-attributes-item__value\">80L<\/td>\n<\/tr>\n<tr class=\"woocommerce-product-attributes-item woocommerce-product-attributes-item--attribute_pa_snaga\">\n<th class=\"woocommerce-product-attributes-item__label\" scope=\"row\">Snaga<\/th>\n<td class=\"woocommerce-product-attributes-item__value\">2 kW<\/td>\n<\/tr>\n<tr class=\"woocommerce-product-attributes-item woocommerce-product-attributes-item--attribute_pa_energetski-razred\">\n<th class=\"woocommerce-product-attributes-item__label\" scope=\"row\">Energetski razred<\/th>\n<td class=\"woocommerce-product-attributes-item__value\">C<\/td>\n<\/tr>\n<tr class=\"woocommerce-product-attributes-item woocommerce-product-attributes-item--attribute_pa_materijal\">\n<th class=\"woocommerce-product-attributes-item__label\" scope=\"row\">Materijal<\/th>\n<td class=\"woocommerce-product-attributes-item__value\">Prohrom (Inox)<\/td>\n<\/tr>\n<tr class=\"woocommerce-product-attributes-item woocommerce-product-attributes-item--attribute_pa_grejac\">\n<th class=\"woocommerce-product-attributes-item__label\" scope=\"row\">Greja\u010d<\/th>\n<td class=\"woocommerce-product-attributes-item__value\">Suvi greja\u010d<\/td>\n<\/tr>\n<tr class=\"woocommerce-product-attributes-item woocommerce-product-attributes-item--attribute_pa_montiranje\">\n<th class=\"woocommerce-product-attributes-item__label\" scope=\"row\">Montiranje<\/th>\n<td class=\"woocommerce-product-attributes-item__value\">Zid<\/td>\n<\/tr>\n<tr class=\"woocommerce-product-attributes-item woocommerce-product-attributes-item--attribute_pa_nacin-ugradnje\">\n<th class=\"woocommerce-product-attributes-item__label\" scope=\"row\">Na\u010din ugradnje<\/th>\n<td class=\"woocommerce-product-attributes-item__value\">Vertikalno<\/td>\n<\/tr>\n<tr class=\"woocommerce-product-attributes-item woocommerce-product-attributes-item--attribute_pa_boja\">\n<th class=\"woocommerce-product-attributes-item__label\" scope=\"row\">Boja<\/th>\n<td class=\"woocommerce-product-attributes-item__value\">Bela<\/td>\n<\/tr>\n<tr class=\"woocommerce-product-attributes-item woocommerce-product-attributes-item--attribute_pa_garancija\">\n<th class=\"woocommerce-product-attributes-item__label\" scope=\"row\">Garancija<\/th>\n<td class=\"woocommerce-product-attributes-item__value\">10 godina<\/td>\n<\/tr>\n<\/tbody>\n<\/table>\n","protected":false},"excerpt":{"rendered":"<ul>\n<li>Akumulacioni bojler<\/li>\n<li>Monta\u017ea: Vertikalni<\/li>\n<li>Kazan: Inox<\/li>\n<li>Garancija: Bezuslovna (na kazan 10 god, na rezervne delove 25 meseci)<\/li>\n<li>Dimenzije (\u0160xV): \u00d8 454mm x 825mm<\/li>\n<li>Nosa\u010d \/ ka\u010denje: Univerzalni \/ raspon rupa od 130mm do 360mm<\/li>\n<li>Sigurnosni ventil: da<\/li>\n<li>MG anoda: da<\/li>\n<li>Prirubnica (flan\u0161na): Okrugla (\u00d8 72mm)<\/li>\n<li>Izolacija: Poliuretanska (purpena) od 17mm do 40mm<\/li>\n<li>Kapacitet: 80 L<\/li>\n<li>Snaga elektro greja\u010da: 2 kw (dva inox suva greja\u010da po 1 kw)\u00a0\u00a0 \u00a0<strong>\u00a0\u00a0<\/strong><\/li>\n<li>Radni pritisak: 0,6 Mpa (6 bari)<\/li>\n<li>Radni napon: 230 V<\/li>\n<li>Energetski razred: C<\/li>\n<li>Prednosti SG:<strong><br \/>\n<\/strong><\/li>\n<li>Du\u017ei \u017eivotni vek greja\u010da<\/li>\n<li>Manje izdvajanje kamenca<\/li>\n<li>Manji uto\u0161ak elektri\u010dne energije<\/li>\n<li>Zamena greja\u010da bez pra\u017enjenja bojlera<\/li>\n<li>Ako jedan prestane da radi, drugi ostaje u funkciji<\/li>\n<li>Ostalo: Inox izlivna cev<\/li>\n<li>Radni i sigurnosni termostat<\/li>\n<li>Vreme zagrevanja vode na 75\u02daC: 175 min<\/li>\n<li>Monta\u017ea je trenutno dostupna samo na teritoriji Beograda i uklju\u010duje demonta\u017eu starog bojlera.<br \/>\nDostava i brinoks creva nisu uklju\u010deni u cenu<\/li>\n<\/ul>\n","protected":false},"featured_media":10952,"comment_status":"closed","ping_status":"closed","template":"","meta":{"_acf_changed":false,"content-type":""},"pwb-brand":[],"product_brand":[],"product_cat":[154,151,132,148,134,136,187,138,140,180,153,141,129,152],"product_tag":[],"class_list":{"0":"post-10858","1":"product","2":"type-product","3":"status-publish","4":"has-post-thumbnail","6":"product_cat-2-kw","7":"product_cat-80l","8":"product_cat-brend","9":"product_cat-c","10":"product_cat-energetski-razred","11":"product_cat-materijal-kazana","12":"product_cat-metalac","13":"product_cat-montiranje","14":"product_cat-nacin-ugradnje","15":"product_cat-prohrom-inox","16":"product_cat-snaga","17":"product_cat-vertikalno","18":"product_cat-zapremina-bojlera","19":"product_cat-zid","21":"first","22":"instock","23":"sale","24":"shipping-taxable","25":"purchasable","26":"product-type-simple"},"acf":[],"brands":[],"_links":{"self":[{"href":"https:\/\/bojler.mtecprojects.ch\/index.php?rest_route=\/wp\/v2\/product\/10858","targetHints":{"allow":["GET"]}}],"collection":[{"href":"https:\/\/bojler.mtecprojects.ch\/index.php?rest_route=\/wp\/v2\/product"}],"about":[{"href":"https:\/\/bojler.mtecprojects.ch\/index.php?rest_route=\/wp\/v2\/types\/product"}],"replies":[{"embeddable":true,"href":"https:\/\/bojler.mtecprojects.ch\/index.php?rest_route=%2Fwp%2Fv2%2Fcomments&post=10858"}],"wp:featuredmedia":[{"embeddable":true,"href":"https:\/\/bojler.mtecprojects.ch\/index.php?rest_route=\/wp\/v2\/media\/10952"}],"wp:attachment":[{"href":"https:\/\/bojler.mtecprojects.ch\/index.php?rest_route=%2Fwp%2Fv2%2Fmedia&parent=10858"}],"wp:term":[{"taxonomy":"pwb-brand","embeddable":true,"href":"https:\/\/bojler.mtecprojects.ch\/index.php?rest_route=%2Fwp%2Fv2%2Fpwb-brand&post=10858"},{"taxonomy":"product_brand","embeddable":true,"href":"https:\/\/bojler.mtecprojects.ch\/index.php?rest_route=%2Fwp%2Fv2%2Fproduct_brand&post=10858"},{"taxonomy":"product_cat","embeddable":true,"href":"https:\/\/bojler.mtecprojects.ch\/index.php?rest_route=%2Fwp%2Fv2%2Fproduct_cat&post=10858"},{"taxonomy":"product_tag","embeddable":true,"href":"https:\/\/bojler.mtecprojects.ch\/index.php?rest_route=%2Fwp%2Fv2%2Fproduct_tag&post=10858"}],"curies":[{"name":"wp","href":"https:\/\/api.w.org\/{rel}","templated":true}]}}

<h2>Dodatne informacije</h2>
<table class="woocommerce-product-attributes shop_attributes" aria-label="Детаљи о производу">
<tbody>
<tr class="woocommerce-product-attributes-item woocommerce-product-attributes-item--weight">
<th class="woocommerce-product-attributes-item__label" scope="row">Težina</th>
<td class="woocommerce-product-attributes-item__value">21 kg</td>
</tr>
<tr class="woocommerce-product-attributes-item woocommerce-product-attributes-item--dimensions">
<th class="woocommerce-product-attributes-item__label" scope="row">Dimenzije (Dubina×Širina×Visina)</th>
<td class="woocommerce-product-attributes-item__value">45,4 × 45,4 × 82,5 cm</td>
</tr>
<tr class="woocommerce-product-attributes-item woocommerce-product-attributes-item--attribute_pa_proizvodjac">
<th class="woocommerce-product-attributes-item__label" scope="row">Proizvođač</th>
<td class="woocommerce-product-attributes-item__value">Metalac</td>
</tr>
<tr class="woocommerce-product-attributes-item woocommerce-product-attributes-item--attribute_pa_zapremina">
<th class="woocommerce-product-attributes-item__label" scope="row">Zapremina</th>
<td class="woocommerce-product-attributes-item__value">80L</td>
</tr>
<tr class="woocommerce-product-attributes-item woocommerce-product-attributes-item--attribute_pa_snaga">
<th class="woocommerce-product-attributes-item__label" scope="row">Snaga</th>
<td class="woocommerce-product-attributes-item__value">2 kW</td>
</tr>
<tr class="woocommerce-product-attributes-item woocommerce-product-attributes-item--attribute_pa_energetski-razred">
<th class="woocommerce-product-attributes-item__label" scope="row">Energetski razred</th>
<td class="woocommerce-product-attributes-item__value">C</td>
</tr>
<tr class="woocommerce-product-attributes-item woocommerce-product-attributes-item--attribute_pa_materijal">
<th class="woocommerce-product-attributes-item__label" scope="row">Materijal</th>
<td class="woocommerce-product-attributes-item__value">Prohrom (Inox)</td>
</tr>
<tr class="woocommerce-product-attributes-item woocommerce-product-attributes-item--attribute_pa_grejac">
<th class="woocommerce-product-attributes-item__label" scope="row">Grejač</th>
<td class="woocommerce-product-attributes-item__value">Suvi grejač</td>
</tr>
<tr class="woocommerce-product-attributes-item woocommerce-product-attributes-item--attribute_pa_montiranje">
<th class="woocommerce-product-attributes-item__label" scope="row">Montiranje</th>
<td class="woocommerce-product-attributes-item__value">Zid</td>
</tr>
<tr class="woocommerce-product-attributes-item woocommerce-product-attributes-item--attribute_pa_nacin-ugradnje">
<th class="woocommerce-product-attributes-item__label" scope="row">Način ugradnje</th>
<td class="woocommerce-product-attributes-item__value">Vertikalno</td>
</tr>
<tr class="woocommerce-product-attributes-item woocommerce-product-attributes-item--attribute_pa_boja">
<th class="woocommerce-product-attributes-item__label" scope="row">Boja</th>
<td class="woocommerce-product-attributes-item__value">Bela</td>
</tr>
<tr class="woocommerce-product-attributes-item woocommerce-product-attributes-item--attribute_pa_garancija">
<th class="woocommerce-product-attributes-item__label" scope="row">Garancija</th>
<td class="woocommerce-product-attributes-item__value">10 godina</td>
</tr>
</tbody>
</table>

<ul>
<li>Akumulacioni bojler</li>
<li>Montaža: Vertikalni</li>
<li>Kazan: Inox</li>
<li>Garancija: Bezuslovna (na kazan 10 god, na rezervne delove 25 meseci)</li>
<li>Dimenzije (ŠxV): Ø 454mm x 825mm</li>
<li>Nosač / kačenje: Univerzalni / raspon rupa od 130mm do 360mm</li>
<li>Sigurnosni ventil: da</li>
<li>MG anoda: da</li>
<li>Prirubnica (flanšna): Okrugla (Ø 72mm)</li>
<li>Izolacija: Poliuretanska (purpena) od 17mm do 40mm</li>
<li>Kapacitet: 80 L</li>
<li>Snaga elektro grejača: 2 kw (dva inox suva grejača po 1 kw)    <strong>  </strong></li>
<li>Radni pritisak: 0,6 Mpa (6 bari)</li>
<li>Radni napon: 230 V</li>
<li>Energetski razred: C</li>
<li>Prednosti SG:<strong><br />
</strong></li>
<li>Duži životni vek grejača</li>
<li>Manje izdvajanje kamenca</li>
<li>Manji utošak električne energije</li>
<li>Zamena grejača bez pražnjenja bojlera</li>
<li>Ako jedan prestane da radi, drugi ostaje u funkciji</li>
<li>Ostalo: Inox izlivna cev</li>
<li>Radni i sigurnosni termostat</li>
<li>Vreme zagrevanja vode na 75˚C: 175 min</li>
<li>Montaža je trenutno dostupna samo na teritoriji Beograda i uključuje demontažu starog bojlera.<br />
Dostava i brinoks creva nisu uključeni u cenu</li>
</ul>
