{"id":10190,"date":"2026-03-14T13:38:10","date_gmt":"2026-03-14T13:38:10","guid":{"rendered":"https:\/\/bojler.mtecprojects.ch\/?post_type=product&#038;p=10190"},"modified":"2026-03-14T13:55:18","modified_gmt":"2026-03-14T13:55:18","slug":"bosch-tr8501i-21-24-27-desoab","status":"publish","type":"product","link":"https:\/\/bojler.mtecprojects.ch\/?product=bosch-tr8501i-21-24-27-desoab","title":{"rendered":"Bosch TR8501i 21\/24\/27 DESOAB"},"content":{"rendered":"<table class=\"woocommerce-product-attributes shop_attributes\">\n<tbody>\n<tr class=\"woocommerce-product-attributes-item woocommerce-product-attributes-item--weight\">\n<th class=\"woocommerce-product-attributes-item__label\">Te\u017eina<\/th>\n<td class=\"woocommerce-product-attributes-item__value\">3,32 kg<\/td>\n<\/tr>\n<tr class=\"woocommerce-product-attributes-item woocommerce-product-attributes-item--dimensions\">\n<th class=\"woocommerce-product-attributes-item__label\">Dimenzije (Dubina\u00d7\u0160irina\u00d7Visina)<\/th>\n<td class=\"woocommerce-product-attributes-item__value\">10,6 \u00d7 23,6 \u00d7 43,4 cm<\/td>\n<\/tr>\n<tr class=\"woocommerce-product-attributes-item woocommerce-product-attributes-item--attribute_pa_proizvodjac\">\n<th class=\"woocommerce-product-attributes-item__label\">Proizvo\u0111a\u010d<\/th>\n<td class=\"woocommerce-product-attributes-item__value\">Bosch<\/td>\n<\/tr>\n<tr class=\"woocommerce-product-attributes-item woocommerce-product-attributes-item--attribute_pa_snaga\">\n<th class=\"woocommerce-product-attributes-item__label\">Snaga<\/th>\n<td class=\"woocommerce-product-attributes-item__value\">27 kW<\/td>\n<\/tr>\n<tr class=\"woocommerce-product-attributes-item woocommerce-product-attributes-item--attribute_pa_energetski-razred\">\n<th class=\"woocommerce-product-attributes-item__label\">Energetski razred<\/th>\n<td class=\"woocommerce-product-attributes-item__value\">A<\/td>\n<\/tr>\n<tr class=\"woocommerce-product-attributes-item woocommerce-product-attributes-item--attribute_pa_nacin-ugradnje\">\n<th class=\"woocommerce-product-attributes-item__label\">Na\u010din ugradnje<\/th>\n<td class=\"woocommerce-product-attributes-item__value\">Vertikalno<\/td>\n<\/tr>\n<tr class=\"woocommerce-product-attributes-item woocommerce-product-attributes-item--attribute_pa_montiranje\">\n<th class=\"woocommerce-product-attributes-item__label\">Montiranje<\/th>\n<td class=\"woocommerce-product-attributes-item__value\">Zid<\/td>\n<\/tr>\n<tr class=\"woocommerce-product-attributes-item woocommerce-product-attributes-item--attribute_pa_boja\">\n<th class=\"woocommerce-product-attributes-item__label\">Boja<\/th>\n<td class=\"woocommerce-product-attributes-item__value\">Bela<\/td>\n<\/tr>\n<tr class=\"woocommerce-product-attributes-item woocommerce-product-attributes-item--attribute_pa_garancija\">\n<th class=\"woocommerce-product-attributes-item__label\">Garancija<\/th>\n<td class=\"woocommerce-product-attributes-item__value\">2 godine<\/td>\n<\/tr>\n<\/tbody>\n<\/table>\n","protected":false},"excerpt":{"rendered":"<p>Cena sadr\u017ei PDV i nema skrivenih tro\u0161kova.<br \/>\nPla\u0107anje na rate je mogu\u0107e samo u prodajnom salonu.<\/p>\n<p>Vreme dostave: 3-5 radna dana<\/p>\n<p>Elektri\u010dni proto\u010dni bojler za kuhinju, kupatilo, tu\u0161 i lavabo<\/p>\n<p>-Kompaktni dizajn, modernog izgleda sa veoma tankim ku\u0107i\u0161tem od svega 11 cm<br \/>\n-Visoka efikasnost i ekonomi\u010dnost prilikom koris\u0107enja uz pomo\u0107 finog pode\u0161avanje snage prema potrebi, pogodan za sva doma\u0107instva<br \/>\n-Full-color ekran sa 5 tastera za pode\u0161avanje re\u0161ima, o\u010ditavanja trenutne temperature, potro\u0161nje, upravljanje ECO re\u017eimom i sl.<br \/>\n-Funkcija zaklju\u010davanja ure\u0111aja poma\u017ee u spre\u010davanju ne\u017eeljenih promena konfiguracije, nakon zaklju\u010davanja, ure\u0111aj ne\u0107e reagovati ni na jednu radnju, a na ekranu \u0107e se pojaviti<br \/>\n-odgovaraju\u0107i simbol<br \/>\n-Ovaj ure\u0111aj mo\u017ee da radi sa prethodno zagrejanom vodom iz solarnog sistema<br \/>\n-Tronic 8500i dolazi sa ugra\u0111enim VLAN modulom koji omogu\u0107ava povezivanje sa Bosch HomeCom Easi aplikacijom, ovo omogu\u0107ava rukovanje bojlerom i pra\u0107enje potro\u0161nje sa<br \/>\n-bilo kog mesta putem pametnog telefona<br \/>\n-CLICKFIX plus\u00ae \u2013 na\u010din ugradnje omogu\u0107ava brzu i jednostavnu ugradnju sa malo tro\u0161kova uz pribor za monta\u017eu i ve\u0107 pripremljene otvore kao i \u0161ablon u sklopu isporuke<br \/>\n-Za\u0161titu na visokom nivou obezbe\u017euje IP25 nivo za\u0161tite od prskanja vodom<br \/>\n-Auto detekcija vazdu\u0161nih mehura vode u sistemu, omogu\u0107ava isklju\u010divanje greja\u010da i njihovu za\u0161titu od rada bez vode<br \/>\n-AquaStop tehnologija je pametan sistem koji obezbe\u0111uje za\u0161titu od curenja vode pod uslovom da je bojler uklju\u010den, kada se otkrije curenje, ventil odmah prekida dovod vode<br \/>\n-Ispod \u201cla\u017enog\u201d poklopca se krije nalepnica sa QR kodom koji vodi do Bosch aplikacije sa video snimcima kako se vr\u0161i monta\u017ea ure\u0111aja<br \/>\n-Jednostavniji \u201cretrofit\u201d na mesto postoje\u0107ih ure\u0111aja, providna pole\u0111ina i fabri\u010dki ozna\u010dena mesta za otvore drugih proizvo\u0111a\u010da omogu\u0107vaju lak\u0161u ugradnju Bosch bojlera<br \/>\n-Mogu\u0107nost uvo\u0111enja elektro priklju\u010dka sa gornje i donje strane kroz zelene gumene otvore<br \/>\n-Kleme za povezivanje se fabri\u010dki mogu podesiti u 3 razli\u010dite pozicije (pozicije A, B i C)<br \/>\n-Zbog svega ovoga nije potrebno podu\u017eavati kabl ili menajti mesto monta\u017ee bojlera \u010dak i ako je njegov predhodnik bio od drugog proizvo\u0111a\u010da<br \/>\n-Ure\u0111aj je fabri\u010dki pode\u0161en na maksimalnu nazivnu snagu i temperaturu<br \/>\n-Obavezno pode\u0161avanje snage pre uklju\u010divanja od strane elektri\u010dara<\/p>\n","protected":false},"featured_media":10227,"comment_status":"closed","ping_status":"closed","template":"","meta":{"_acf_changed":false,"content-type":""},"pwb-brand":[],"product_brand":[],"product_cat":[162,151,145,157,132,134,138,153,129,152],"product_tag":[],"class_list":{"0":"post-10190","1":"product","2":"type-product","3":"status-publish","4":"has-post-thumbnail","6":"product_cat-27-kw","7":"product_cat-80l","8":"product_cat-a","9":"product_cat-bosch","10":"product_cat-brend","11":"product_cat-energetski-razred","12":"product_cat-montiranje","13":"product_cat-snaga","14":"product_cat-zapremina-bojlera","15":"product_cat-zid","17":"first","18":"instock","19":"sale","20":"shipping-taxable","21":"purchasable","22":"product-type-simple"},"acf":[],"brands":[],"_links":{"self":[{"href":"https:\/\/bojler.mtecprojects.ch\/index.php?rest_route=\/wp\/v2\/product\/10190","targetHints":{"allow":["GET"]}}],"collection":[{"href":"https:\/\/bojler.mtecprojects.ch\/index.php?rest_route=\/wp\/v2\/product"}],"about":[{"href":"https:\/\/bojler.mtecprojects.ch\/index.php?rest_route=\/wp\/v2\/types\/product"}],"replies":[{"embeddable":true,"href":"https:\/\/bojler.mtecprojects.ch\/index.php?rest_route=%2Fwp%2Fv2%2Fcomments&post=10190"}],"wp:featuredmedia":[{"embeddable":true,"href":"https:\/\/bojler.mtecprojects.ch\/index.php?rest_route=\/wp\/v2\/media\/10227"}],"wp:attachment":[{"href":"https:\/\/bojler.mtecprojects.ch\/index.php?rest_route=%2Fwp%2Fv2%2Fmedia&parent=10190"}],"wp:term":[{"taxonomy":"pwb-brand","embeddable":true,"href":"https:\/\/bojler.mtecprojects.ch\/index.php?rest_route=%2Fwp%2Fv2%2Fpwb-brand&post=10190"},{"taxonomy":"product_brand","embeddable":true,"href":"https:\/\/bojler.mtecprojects.ch\/index.php?rest_route=%2Fwp%2Fv2%2Fproduct_brand&post=10190"},{"taxonomy":"product_cat","embeddable":true,"href":"https:\/\/bojler.mtecprojects.ch\/index.php?rest_route=%2Fwp%2Fv2%2Fproduct_cat&post=10190"},{"taxonomy":"product_tag","embeddable":true,"href":"https:\/\/bojler.mtecprojects.ch\/index.php?rest_route=%2Fwp%2Fv2%2Fproduct_tag&post=10190"}],"curies":[{"name":"wp","href":"https:\/\/api.w.org\/{rel}","templated":true}]}}