{"id":10188,"date":"2026-03-14T13:38:09","date_gmt":"2026-03-14T13:38:09","guid":{"rendered":"https:\/\/bojler.mtecprojects.ch\/?post_type=product&#038;p=10188"},"modified":"2026-03-14T13:55:17","modified_gmt":"2026-03-14T13:55:17","slug":"bosch-tr7000-21-24-desob","status":"publish","type":"product","link":"https:\/\/bojler.mtecprojects.ch\/?product=bosch-tr7000-21-24-desob","title":{"rendered":"Bosch TR7000 21\/24 DESOB"},"content":{"rendered":"<table class=\"woocommerce-product-attributes shop_attributes\">\n<tbody>\n<tr class=\"woocommerce-product-attributes-item woocommerce-product-attributes-item--weight\">\n<th class=\"woocommerce-product-attributes-item__label\">Te\u017eina<\/th>\n<td class=\"woocommerce-product-attributes-item__value\">3,12 kg<\/td>\n<\/tr>\n<tr class=\"woocommerce-product-attributes-item woocommerce-product-attributes-item--dimensions\">\n<th class=\"woocommerce-product-attributes-item__label\">Dimenzije (Dubina\u00d7\u0160irina\u00d7Visina)<\/th>\n<td class=\"woocommerce-product-attributes-item__value\">12,2 \u00d7 23,6 \u00d7 48,3 cm<\/td>\n<\/tr>\n<tr class=\"woocommerce-product-attributes-item woocommerce-product-attributes-item--attribute_pa_proizvodjac\">\n<th class=\"woocommerce-product-attributes-item__label\">Proizvo\u0111a\u010d<\/th>\n<td class=\"woocommerce-product-attributes-item__value\">\n<p>Bosch<\/p>\n<\/td>\n<\/tr>\n<tr class=\"woocommerce-product-attributes-item woocommerce-product-attributes-item--attribute_pa_snaga\">\n<th class=\"woocommerce-product-attributes-item__label\">Snaga<\/th>\n<td class=\"woocommerce-product-attributes-item__value\">\n<p>24 kW<\/p>\n<\/td>\n<\/tr>\n<tr class=\"woocommerce-product-attributes-item woocommerce-product-attributes-item--attribute_pa_energetski-razred\">\n<th class=\"woocommerce-product-attributes-item__label\">Energetski razred<\/th>\n<td class=\"woocommerce-product-attributes-item__value\">\n<p>A<\/p>\n<\/td>\n<\/tr>\n<tr class=\"woocommerce-product-attributes-item woocommerce-product-attributes-item--attribute_pa_montiranje\">\n<th class=\"woocommerce-product-attributes-item__label\">Montiranje<\/th>\n<td class=\"woocommerce-product-attributes-item__value\">\n<p>Zid<\/p>\n<\/td>\n<\/tr>\n<tr class=\"woocommerce-product-attributes-item woocommerce-product-attributes-item--attribute_pa_nacin-ugradnje\">\n<th class=\"woocommerce-product-attributes-item__label\">Na\u010din ugradnje<\/th>\n<td class=\"woocommerce-product-attributes-item__value\">\n<p>Vertikalno<\/p>\n<\/td>\n<\/tr>\n<tr class=\"woocommerce-product-attributes-item woocommerce-product-attributes-item--attribute_pa_boja\">\n<th class=\"woocommerce-product-attributes-item__label\">Boja<\/th>\n<td class=\"woocommerce-product-attributes-item__value\">\n<p>Bela<\/p>\n<\/td>\n<\/tr>\n<tr class=\"woocommerce-product-attributes-item woocommerce-product-attributes-item--attribute_pa_garancija\">\n<th class=\"woocommerce-product-attributes-item__label\">Garancija<\/th>\n<td class=\"woocommerce-product-attributes-item__value\">\n<p>2 godine<\/p>\n<\/td>\n<\/tr>\n<\/tbody>\n<\/table>\n","protected":false},"excerpt":{"rendered":"<p>Cena sadr\u017ei PDV i nema skrivenih tro\u0161kova.<br \/>\nPla\u0107anje na rate je mogu\u0107e samo u prodajnom salonu.<\/p>\n<p>Vreme dostave: 1-2 radna dana<\/p>\n<p>-Elektronsko vo\u0111enje, elektronski zaliveni greja\u010di, prodesive snage 21\/24 kW<br \/>\n-Elektronsko pode\u0161avanje snage greja\u010da u radu prema potrebi, maksimalna u\u0161teda do \u010dak 40% u odnosu na akumulacione bojlere!<br \/>\n-Vi\u0161e re\u017eima rada prema potrebama svih \u010dlanova porodice<br \/>\n-LCD ekran sa prikazom trenutnog re\u017eima rada i temperature<br \/>\n-Povezivanje sa solarnim sistemima za jo\u0161 ve\u0107u efikasnost<br \/>\n-Sigurnosni temperaturni grani\u010dnik, IP 25 za\u0161tita, radi pod pritiskom,<br \/>\n-Kompaktnog oblika, mogu\u0107a ugradnja u kuhinjske elemente.<br \/>\n-CLICKFIX plus\u00ae sistem monta\u017ee, jednostavna monta\u017ea u tri koraka i na taj nacin \u0161tedi va\u0161e vreme<\/p>\n","protected":false},"featured_media":10231,"comment_status":"closed","ping_status":"closed","template":"","meta":{"_acf_changed":false,"content-type":""},"pwb-brand":[],"product_brand":[],"product_cat":[163,151,145,157,132,134,138,140,153,141,129,152],"product_tag":[],"class_list":{"0":"post-10188","1":"product","2":"type-product","3":"status-publish","4":"has-post-thumbnail","6":"product_cat-24-kw","7":"product_cat-80l","8":"product_cat-a","9":"product_cat-bosch","10":"product_cat-brend","11":"product_cat-energetski-razred","12":"product_cat-montiranje","13":"product_cat-nacin-ugradnje","14":"product_cat-snaga","15":"product_cat-vertikalno","16":"product_cat-zapremina-bojlera","17":"product_cat-zid","19":"first","20":"instock","21":"sale","22":"shipping-taxable","23":"purchasable","24":"product-type-simple"},"acf":[],"brands":[],"_links":{"self":[{"href":"https:\/\/bojler.mtecprojects.ch\/index.php?rest_route=\/wp\/v2\/product\/10188","targetHints":{"allow":["GET"]}}],"collection":[{"href":"https:\/\/bojler.mtecprojects.ch\/index.php?rest_route=\/wp\/v2\/product"}],"about":[{"href":"https:\/\/bojler.mtecprojects.ch\/index.php?rest_route=\/wp\/v2\/types\/product"}],"replies":[{"embeddable":true,"href":"https:\/\/bojler.mtecprojects.ch\/index.php?rest_route=%2Fwp%2Fv2%2Fcomments&post=10188"}],"wp:featuredmedia":[{"embeddable":true,"href":"https:\/\/bojler.mtecprojects.ch\/index.php?rest_route=\/wp\/v2\/media\/10231"}],"wp:attachment":[{"href":"https:\/\/bojler.mtecprojects.ch\/index.php?rest_route=%2Fwp%2Fv2%2Fmedia&parent=10188"}],"wp:term":[{"taxonomy":"pwb-brand","embeddable":true,"href":"https:\/\/bojler.mtecprojects.ch\/index.php?rest_route=%2Fwp%2Fv2%2Fpwb-brand&post=10188"},{"taxonomy":"product_brand","embeddable":true,"href":"https:\/\/bojler.mtecprojects.ch\/index.php?rest_route=%2Fwp%2Fv2%2Fproduct_brand&post=10188"},{"taxonomy":"product_cat","embeddable":true,"href":"https:\/\/bojler.mtecprojects.ch\/index.php?rest_route=%2Fwp%2Fv2%2Fproduct_cat&post=10188"},{"taxonomy":"product_tag","embeddable":true,"href":"https:\/\/bojler.mtecprojects.ch\/index.php?rest_route=%2Fwp%2Fv2%2Fproduct_tag&post=10188"}],"curies":[{"name":"wp","href":"https:\/\/api.w.org\/{rel}","templated":true}]}}

<table class="woocommerce-product-attributes shop_attributes">
<tbody>
<tr class="woocommerce-product-attributes-item woocommerce-product-attributes-item--weight">
<th class="woocommerce-product-attributes-item__label">Težina</th>
<td class="woocommerce-product-attributes-item__value">3,12 kg</td>
</tr>
<tr class="woocommerce-product-attributes-item woocommerce-product-attributes-item--dimensions">
<th class="woocommerce-product-attributes-item__label">Dimenzije (Dubina×Širina×Visina)</th>
<td class="woocommerce-product-attributes-item__value">12,2 × 23,6 × 48,3 cm</td>
</tr>
<tr class="woocommerce-product-attributes-item woocommerce-product-attributes-item--attribute_pa_proizvodjac">
<th class="woocommerce-product-attributes-item__label">Proizvođač</th>
<td class="woocommerce-product-attributes-item__value">
<p>Bosch</p>
</td>
</tr>
<tr class="woocommerce-product-attributes-item woocommerce-product-attributes-item--attribute_pa_snaga">
<th class="woocommerce-product-attributes-item__label">Snaga</th>
<td class="woocommerce-product-attributes-item__value">
<p>24 kW</p>
</td>
</tr>
<tr class="woocommerce-product-attributes-item woocommerce-product-attributes-item--attribute_pa_energetski-razred">
<th class="woocommerce-product-attributes-item__label">Energetski razred</th>
<td class="woocommerce-product-attributes-item__value">
<p>A</p>
</td>
</tr>
<tr class="woocommerce-product-attributes-item woocommerce-product-attributes-item--attribute_pa_montiranje">
<th class="woocommerce-product-attributes-item__label">Montiranje</th>
<td class="woocommerce-product-attributes-item__value">
<p>Zid</p>
</td>
</tr>
<tr class="woocommerce-product-attributes-item woocommerce-product-attributes-item--attribute_pa_nacin-ugradnje">
<th class="woocommerce-product-attributes-item__label">Način ugradnje</th>
<td class="woocommerce-product-attributes-item__value">
<p>Vertikalno</p>
</td>
</tr>
<tr class="woocommerce-product-attributes-item woocommerce-product-attributes-item--attribute_pa_boja">
<th class="woocommerce-product-attributes-item__label">Boja</th>
<td class="woocommerce-product-attributes-item__value">
<p>Bela</p>
</td>
</tr>
<tr class="woocommerce-product-attributes-item woocommerce-product-attributes-item--attribute_pa_garancija">
<th class="woocommerce-product-attributes-item__label">Garancija</th>
<td class="woocommerce-product-attributes-item__value">
<p>2 godine</p>
</td>
</tr>
</tbody>
</table>

<p>Cena sadrži PDV i nema skrivenih troškova.<br />
Plaćanje na rate je moguće samo u prodajnom salonu.</p>
<p>Vreme dostave: 1-2 radna dana</p>
<p>-Elektronsko vođenje, elektronski zaliveni grejači, prodesive snage 21/24 kW<br />
-Elektronsko podešavanje snage grejača u radu prema potrebi, maksimalna ušteda do čak 40% u odnosu na akumulacione bojlere!<br />
-Više režima rada prema potrebama svih članova porodice<br />
-LCD ekran sa prikazom trenutnog režima rada i temperature<br />
-Povezivanje sa solarnim sistemima za još veću efikasnost<br />
-Sigurnosni temperaturni graničnik, IP 25 zaštita, radi pod pritiskom,<br />
-Kompaktnog oblika, moguća ugradnja u kuhinjske elemente.<br />
-CLICKFIX plus® sistem montaže, jednostavna montaža u tri koraka i na taj nacin štedi vaše vreme</p>
