{"id":10186,"date":"2026-03-14T13:38:09","date_gmt":"2026-03-14T13:38:09","guid":{"rendered":"https:\/\/bojler.mtecprojects.ch\/?post_type=product&#038;p=10186"},"modified":"2026-03-14T13:55:17","modified_gmt":"2026-03-14T13:55:17","slug":"bosch-tr1100-24-b","status":"publish","type":"product","link":"https:\/\/bojler.mtecprojects.ch\/?product=bosch-tr1100-24-b","title":{"rendered":"Bosch TR1100 24 B"},"content":{"rendered":"<table class=\"woocommerce-product-attributes shop_attributes\">\n<tbody>\n<tr class=\"woocommerce-product-attributes-item woocommerce-product-attributes-item--weight\">\n<th class=\"woocommerce-product-attributes-item__label\">Te\u017eina<\/th>\n<td class=\"woocommerce-product-attributes-item__value\">5,43 kg<\/td>\n<\/tr>\n<tr class=\"woocommerce-product-attributes-item woocommerce-product-attributes-item--dimensions\">\n<th class=\"woocommerce-product-attributes-item__label\">Dimenzije (Dubina\u00d7\u0160irina\u00d7Visina)<\/th>\n<td class=\"woocommerce-product-attributes-item__value\">13,7 \u00d7 23,6 \u00d7 47,2 cm<\/td>\n<\/tr>\n<tr class=\"woocommerce-product-attributes-item woocommerce-product-attributes-item--attribute_pa_proizvodjac\">\n<th class=\"woocommerce-product-attributes-item__label\">Proizvo\u0111a\u010d<\/th>\n<td class=\"woocommerce-product-attributes-item__value\">\n<p>Bosch<\/p>\n<\/td>\n<\/tr>\n<tr class=\"woocommerce-product-attributes-item woocommerce-product-attributes-item--attribute_pa_snaga\">\n<th class=\"woocommerce-product-attributes-item__label\">Snaga<\/th>\n<td class=\"woocommerce-product-attributes-item__value\">\n<p>24 kW<\/p>\n<\/td>\n<\/tr>\n<tr class=\"woocommerce-product-attributes-item woocommerce-product-attributes-item--attribute_pa_energetski-razred\">\n<th class=\"woocommerce-product-attributes-item__label\">Energetski razred<\/th>\n<td class=\"woocommerce-product-attributes-item__value\">\n<p>B<\/p>\n<\/td>\n<\/tr>\n<tr class=\"woocommerce-product-attributes-item woocommerce-product-attributes-item--attribute_pa_nacin-ugradnje\">\n<th class=\"woocommerce-product-attributes-item__label\">Na\u010din ugradnje<\/th>\n<td class=\"woocommerce-product-attributes-item__value\">\n<p>Vertikalno<\/p>\n<\/td>\n<\/tr>\n<tr class=\"woocommerce-product-attributes-item woocommerce-product-attributes-item--attribute_pa_montiranje\">\n<th class=\"woocommerce-product-attributes-item__label\">Montiranje<\/th>\n<td class=\"woocommerce-product-attributes-item__value\">\n<p>Zid<\/p>\n<\/td>\n<\/tr>\n<tr class=\"woocommerce-product-attributes-item woocommerce-product-attributes-item--attribute_pa_boja\">\n<th class=\"woocommerce-product-attributes-item__label\">Boja<\/th>\n<td class=\"woocommerce-product-attributes-item__value\">\n<p>Bela<\/p>\n<\/td>\n<\/tr>\n<tr class=\"woocommerce-product-attributes-item woocommerce-product-attributes-item--attribute_pa_garancija\">\n<th class=\"woocommerce-product-attributes-item__label\">Garancija<\/th>\n<td class=\"woocommerce-product-attributes-item__value\">\n<p>2 godine<\/p>\n<\/td>\n<\/tr>\n<\/tbody>\n<\/table>\n","protected":false},"excerpt":{"rendered":"<p>Cena sadr\u017ei PDV i nema skrivenih tro\u0161kova.<br \/>\nPla\u0107anje na rate je mogu\u0107e samo u prodajnom salonu.<\/p>\n<p>Vreme dostave: 1-2 radna dana<\/p>\n<p>-Hidrauli\u010dno vo\u0111enje, bakarni greja\u010di, snage 24 kW, 400V<br \/>\n-Automatsko pode\u0161avanje snage na osnovu protoka-dodatna u\u0161teda<br \/>\n-Re\u017eim eco (2\/3 \u2013 pozicija \u201ee\u201c) i full snage (3\/3 \u2013 pozicija \u201ell\u201c)<br \/>\n-Kompaktnih dimenzija, mogu\u0107a ugradnja u kuhinjske elemente<br \/>\n-Otporan na mehuri\u0107e vazduha koji se nalaze u vodi i na talo\u017eenje kamenca, zahvaljuju\u0107i specijalnom greja\u010du zbog \u010dega je pogodan za sve tipove voda<br \/>\n-Radi pod pritiskom<br \/>\n-Dvodelni nosa\u010d za bojler omogu\u0107ava jednostavnu monta\u017eu<\/p>\n","protected":false},"featured_media":10225,"comment_status":"closed","ping_status":"closed","template":"","meta":{"_acf_changed":false,"content-type":""},"pwb-brand":[],"product_brand":[],"product_cat":[163,157,132,138,153,152],"product_tag":[],"class_list":{"0":"post-10186","1":"product","2":"type-product","3":"status-publish","4":"has-post-thumbnail","6":"product_cat-24-kw","7":"product_cat-bosch","8":"product_cat-brend","9":"product_cat-montiranje","10":"product_cat-snaga","11":"product_cat-zid","13":"first","14":"instock","15":"sale","16":"shipping-taxable","17":"purchasable","18":"product-type-simple"},"acf":[],"brands":[],"_links":{"self":[{"href":"https:\/\/bojler.mtecprojects.ch\/index.php?rest_route=\/wp\/v2\/product\/10186","targetHints":{"allow":["GET"]}}],"collection":[{"href":"https:\/\/bojler.mtecprojects.ch\/index.php?rest_route=\/wp\/v2\/product"}],"about":[{"href":"https:\/\/bojler.mtecprojects.ch\/index.php?rest_route=\/wp\/v2\/types\/product"}],"replies":[{"embeddable":true,"href":"https:\/\/bojler.mtecprojects.ch\/index.php?rest_route=%2Fwp%2Fv2%2Fcomments&post=10186"}],"wp:featuredmedia":[{"embeddable":true,"href":"https:\/\/bojler.mtecprojects.ch\/index.php?rest_route=\/wp\/v2\/media\/10225"}],"wp:attachment":[{"href":"https:\/\/bojler.mtecprojects.ch\/index.php?rest_route=%2Fwp%2Fv2%2Fmedia&parent=10186"}],"wp:term":[{"taxonomy":"pwb-brand","embeddable":true,"href":"https:\/\/bojler.mtecprojects.ch\/index.php?rest_route=%2Fwp%2Fv2%2Fpwb-brand&post=10186"},{"taxonomy":"product_brand","embeddable":true,"href":"https:\/\/bojler.mtecprojects.ch\/index.php?rest_route=%2Fwp%2Fv2%2Fproduct_brand&post=10186"},{"taxonomy":"product_cat","embeddable":true,"href":"https:\/\/bojler.mtecprojects.ch\/index.php?rest_route=%2Fwp%2Fv2%2Fproduct_cat&post=10186"},{"taxonomy":"product_tag","embeddable":true,"href":"https:\/\/bojler.mtecprojects.ch\/index.php?rest_route=%2Fwp%2Fv2%2Fproduct_tag&post=10186"}],"curies":[{"name":"wp","href":"https:\/\/api.w.org\/{rel}","templated":true}]}}

<table class="woocommerce-product-attributes shop_attributes">
<tbody>
<tr class="woocommerce-product-attributes-item woocommerce-product-attributes-item--weight">
<th class="woocommerce-product-attributes-item__label">Težina</th>
<td class="woocommerce-product-attributes-item__value">5,43 kg</td>
</tr>
<tr class="woocommerce-product-attributes-item woocommerce-product-attributes-item--dimensions">
<th class="woocommerce-product-attributes-item__label">Dimenzije (Dubina×Širina×Visina)</th>
<td class="woocommerce-product-attributes-item__value">13,7 × 23,6 × 47,2 cm</td>
</tr>
<tr class="woocommerce-product-attributes-item woocommerce-product-attributes-item--attribute_pa_proizvodjac">
<th class="woocommerce-product-attributes-item__label">Proizvođač</th>
<td class="woocommerce-product-attributes-item__value">
<p>Bosch</p>
</td>
</tr>
<tr class="woocommerce-product-attributes-item woocommerce-product-attributes-item--attribute_pa_snaga">
<th class="woocommerce-product-attributes-item__label">Snaga</th>
<td class="woocommerce-product-attributes-item__value">
<p>24 kW</p>
</td>
</tr>
<tr class="woocommerce-product-attributes-item woocommerce-product-attributes-item--attribute_pa_energetski-razred">
<th class="woocommerce-product-attributes-item__label">Energetski razred</th>
<td class="woocommerce-product-attributes-item__value">
<p>B</p>
</td>
</tr>
<tr class="woocommerce-product-attributes-item woocommerce-product-attributes-item--attribute_pa_nacin-ugradnje">
<th class="woocommerce-product-attributes-item__label">Način ugradnje</th>
<td class="woocommerce-product-attributes-item__value">
<p>Vertikalno</p>
</td>
</tr>
<tr class="woocommerce-product-attributes-item woocommerce-product-attributes-item--attribute_pa_montiranje">
<th class="woocommerce-product-attributes-item__label">Montiranje</th>
<td class="woocommerce-product-attributes-item__value">
<p>Zid</p>
</td>
</tr>
<tr class="woocommerce-product-attributes-item woocommerce-product-attributes-item--attribute_pa_boja">
<th class="woocommerce-product-attributes-item__label">Boja</th>
<td class="woocommerce-product-attributes-item__value">
<p>Bela</p>
</td>
</tr>
<tr class="woocommerce-product-attributes-item woocommerce-product-attributes-item--attribute_pa_garancija">
<th class="woocommerce-product-attributes-item__label">Garancija</th>
<td class="woocommerce-product-attributes-item__value">
<p>2 godine</p>
</td>
</tr>
</tbody>
</table>

<p>Cena sadrži PDV i nema skrivenih troškova.<br />
Plaćanje na rate je moguće samo u prodajnom salonu.</p>
<p>Vreme dostave: 1-2 radna dana</p>
<p>-Hidraulično vođenje, bakarni grejači, snage 24 kW, 400V<br />
-Automatsko podešavanje snage na osnovu protoka-dodatna ušteda<br />
-Režim eco (2/3 – pozicija „e“) i full snage (3/3 – pozicija „ll“)<br />
-Kompaktnih dimenzija, moguća ugradnja u kuhinjske elemente<br />
-Otporan na mehuriće vazduha koji se nalaze u vodi i na taloženje kamenca, zahvaljujući specijalnom grejaču zbog čega je pogodan za sve tipove voda<br />
-Radi pod pritiskom<br />
-Dvodelni nosač za bojler omogućava jednostavnu montažu</p>
